- 61)
-82
-4 + -1 + (-8 - -24) + -7 + -6 + 3
1
What is the value of -109 + (-6 - -79) + 98?
62
9 + 5 + -15 + 15 + (-10 - -77)
81
What is -7 + (31 + -13 - -16) + 14 + (-1 - 5)?
35
What is the value of -54 + (10 - (-12 + -14 + 40)) + -8 + 6?
-60
Calculate (-84 - ((-394 - -416) + -15 + (1 - -1))) + 4.
-89
15 + 36 + -2 + 40 + -62
27
What is the value of 4 + -3 + -20 + (-662 - -666)?
-15
What is 115 + (-55 - (-71 - -15))?
116
What is the value of 4 + 35 + (-9 - 38)?
-8
Evaluate (5 - 40) + (8 + 8 + -17 - 13).
-49
What is 5 + 3 + -18 + (76 - 6 - 23)?
37
Calculate -4 + (-6 - 7 - -3) - -20.
6
What is (-22 - -44) + (-11 - (-4 - -4) - 97)?
-86
What is (18 - 7) + (-37 - -30 - (1 + -9))?
12
What is -116 + -11 + -8 + 27 + -3 - 11?
-122
28 + -18 + 39 + -42 + 87
94
What is (2 - 9) + (6 + 0 - -3) + 34 + -57?
-21
(31 - 74) + 42 + 0 + 90 - (-12 + 22)
79
Calculate -31 + (-14 - (31 + 16 + -33 - 17)).
-42
Evaluate (96 - (91 - 26)) + -107.
-76
Calculate 0 + (9 - (-2 + 3)) + (-81 - -85) + -64.
-52
2 - (-43 - -14 - -36)
-5
Calculate (-4 - -117) + (-758 - -693).
48
What is 5 + (-14 - ((-13 - -4) + 9))?
-9
What is the value of (-11 - (19 + -31) - 21) + 55?
35
What is the value of -43 + (128 - 32) - 103?
-50
Evaluate (-35 + -21 - -66) + -30.
-20
Calculate 51 - (-66 + 98) - 59.
-40
Evaluate 38 + -106 + 19 + 38.
-11
What is the value of 133 - 131 - (-1 + 4) - (-26 - -8)?
17
What is (-4 - -7) + -6 - (111 + -1 - (-396 + 388))?
-121
Evaluate -49 + (-31 - 31) - (10 - 6 - 7 - 9).
-99
What is the value of 42 + (-6 + -15 + 22 + -10 - -23)?
56
Calculate -8 + 61 + (-63 - -8).
-2
Calculate 60 + -39 - (112 + 1 + (-15 - -5)).
-82
What is -21 + -91 + (30 + -44 - -20)?
-106
Calculate (-29 - 24) + (-3 - -9 - -11).
-36
What is the value of -41 + (2 + -1 - 15) + (-16 - -24) + 7?
-40
0 + -9 + 25 + 1 + 30
47
What is the value of -8 - (6 + -1 + (0 - ((0 - 5) + -6)))?
-24
What is the value of 3 + -61 - ((-1 - -12) + -23 + (-23 - -45))?
-68
Evaluate -177 - -145 - (-30 + 4 - -3).
-9
Evaluate -89 - (0 + (12 + (5 - 17) - 11)).
-78
Calculate 2 + (-1 - (1 + 14)) + 2 - (-1281 + 1293).
-24
What is the value of -17 + 2 - ((16 - 85 - -13) + 6)?
35
9 + 8 + -10 + (2 - -5) - (-42 - 31)
87
Calculate (36 - -4) + ((12 - 14) + 10 - (7 + -5)).
46
Evaluate 2 + -2 + 1 - (-6223 + 6200).
24
What is -1 - 159 - (3392 + -3454)?
-98
What is 32 + -12 + 40 + -55?
5
What is 11 - (-35 + 79 + -16) - -108?
91
Evaluate 107 + -221 + 95 - (63 + (-3 - -2)).
-81
(13 - 43) + 1 - -38 - -22
31
What is the value of -4 - (-4 - -22) - (-78 + 34)?
22
96 + (-227 - -97) + 143
109
Calculate (6 - 21) + (3 - (-2 - 6)) + -45 + -13.
-62
Calculate -96 + 1 + (385 - 357).
-67
Evaluate 50 + (-14 - (-13 - -87)).
-38
What is the value of 28 + -1 + -75 + (201 - 50)?
103
What is -9 + (-18 - -4 - -5) + 3 + -10?
-25
What is the value of -92 - (122 + -221) - (2 - -52)?
-47
Evaluate -225 - -180 - (-42 + -3 + 12).
-12
What is the value of 25 + -102 + 45 + -10?
-42
What is 4 - 2 - 15 - (-1112 + 1096) - 82?
-79
What is the value of ((2 - 8) + 16 - 30 - -11) + -3 + -21?
-33
Calculate 17917 + -17818 + -77 + -1.
21
Evaluate 31 + -2 + 4 - (-741 - -734).
40
Calculate 2 + 1 + 26 + (72 + -35 - 33).
33
3 + (-19 - (-4 - 11)) + 57
56
What is -26 + 67 + -8 + -73?
-40
-120 + -32 + 73 + 0 + -32
-111
36 + (29 - (-37 - -34))
68
What is the value of -15 - ((12 + -25 - -6) + -86 + 14)?
64
What is -19 - ((6 - 2) + (-33 - -13))?
-3
Evaluate 2 + (3 - (6 - 1)) + -26 + 114.
88
What is the value of -83 - (53 + (-116 - -6))?
-26
What is 3 - (-99 - 3) - (253 - 165 - 100)?
117
(-2676 - -2586) + -8 + 0
-98
Evaluate (80 + -158 - -62) + (42 - 0).
26
What is 2 + 35 + (1399 - 1410)?
26
Calculate (-9 - -12) + -2 + (-34 - (5 - 5)).
-33
-8 - (0 - (-19 + 0) - (-21 + (-60 - -74)))
-34
Evaluate -25 + 33 + -3 + (3 - 52).
-44
-14 - (44 - 44 - (39 - -1))
26
Evaluate (-826 - -833) + (-1 - 9).
-3
Evaluate -37 + (36 - -14) + -51.
-38
(20 + -30 + 9 + 0 - 51) + -19
-71
What is the value of (21 - (-20 + -23)) + 6 + -5 + 12 + 0?
77
Evaluate -19 + (7 - 42) + (-5 - -2 - (12 - 9)).
-60
Calculate (-16 - (-42 - -52)) + (-13 - -1).
-38
Calculate -51 + 77 - (-1 + 2 + -68 + 58).
35
What is the value of -100 + 53 - -13 - -36?
2
1 + -1 - (39 - 6 - (10 + (54 - 38)))
-7
Calculate (-3 - -18 - 11) + -17 + 60.
47
What is the value of 9 - ((-1 + 0 - 3) + (0 + 36 - 21))?
-2
Evaluate 26 + -5 + 53 + -57 - 49.
-32
24 - (22 - (45 + -35))
12
(-16 + 0 - (-15 - (-33 + 27 + -19))) + 7
-19
74 + (-36 - 32) + (-4 - (4 - 1))
-1
What is -20 + 51 + -34 + (1 - (85 + 0))?
-87
What is the value of -30 + -15 + 128 + -47?
36
What is the value of 10 + -10 + 10 - (-4 + 6 - 4)?
12
What is (13 + -11 - 18) + -15 - (4 - -6)?
-41
What is the value of -3 + -40 - -20 - -45?
22
(-9 - 2) + 0 + 1 + (5 - (-24 - 10))
29
Evaluate (36 + 102 - 5 - 8) + -48.
77
Calculate 53 + -32 + 31 - (0 - -2).
50
Evaluate -1 - 37 - (146 + 63 - 188).
-59
What is (9 - (0 - -14)) + (1 - 3 - -19)?
12
Evaluate 7216 + -7211 - (1 + -44).
48
-50 + (-213 + 196 - (2 - 37))
-32
Evaluate 295 + -79 + -52 + -58.
106
What is the value of 8 + -43 + 27 + 2 + -12?
-18
Calculate (-6 + 6 - -10 - (-25 + 27)) + 80.
88
What is the value of (55 - (56 + -18)) + (5 - 8 - 18)?
-4
(172 - 118) + -29 + -1
24
Calculate 1 - 21 - (-192 - (-67 + -45)).
60
Evaluate -12 - (0 + 1) - (182 + -144 + -54).
3
What is the value of (-58 - -21 - -40) + 6 + 4 + 1 + -84?
-70
(8679 - 8755) + 1 + -1 + (1 - -1)
-74
What is -4 + (-11 - (11 + -13)) + 10 - (3 - -4)?
-10
What is -5 + 11 + 25 + -24 + (-74 - -1) - -2?
-64
25 + 0 + 12 + ((10 - 30) + 13 - 17)
13
Calculate (-13 - -7) + -7 + (74 - 83).
-22
-14 + 14 + -6 + 8 - 60
-58
Calculate 17 + 23 + -62 + 24 + -10.
-8
Calculate (422 - 353) + (-44 - 2).
23
17 - (-10 + 30 - 9 - -25) - 10
-29
Calculate 3873 + -3880 - (90 + -3 + 5).
-99
(0 + 0 + 1 - -7) + (277 - (53 - -87))
145
Calculate (-31 - 13 - (5 + -17)) + 2 + -13.
-43
Calculate 30 + (18 - (-15 + 21) - 122).
-80
Calculate -21 + (-41 - (-7 + -13)) + -16.
-58
What is (103 - (87 + 21)) + 38?
33
Evaluate (2 - (45 + 2 + -5)) + 139 + (-253 - -107).
-47
What is -50 - (159 - 80 - 68)?
-61
9 - (-2 + (6 - (-9 - -4)) + 21)
-21
What is the value of (22 - -4) + -49 - ((-4 - -7) + -11) - 7?
-22
What is the value of 0 - 4 - ((-34 - 49) + 50)?
29
-23 - (-15 + 37 - (-8 + -31))
-84
What is the value of (31 - -29) + (40 - 37)?
63
What is -18 + 14 + (-23 + 15 - (1 + (-36 - 0)))?
23
-41 + -74 + 35 - -168
88
What is (14 - -4) + -3 + 6 - (-6529 + 6675)?
-125
Evaluate -34 - ((-86 - -118) + (-2 - 15) + 1).
-50
-4 + -86 + (-44 - -68 - (0 + 8))
-74
(-14 - -58) + -27 + -3 + -25
-11
What is (-194 - -180 - (-5 - 0)) + 3 + -1 + 43?
36
What is -2 + (3 - -21) + (2161 - 2236)?
-53
0 - 2 - ((-3 - -98) + -58 + 45)
-84
What is the value of -36 + -7 + 32 - -4 - (2 - 13) - -51?
55
What is (-17 + -17 - -56 - 27) + -2?
-7
What is the value of 97 + -127 + 150 - 163?
-43
What is 58 - (-16 + 1 + 8 + -2 + 11)?
56
Calculate (42 - -53 - 48) + (-20 - 0).
27
Evaluate 59 + -56 + 10 + (-10 - (-1 + -2 + 1)).
5
Evaluate 7 + -10 + (-7 - -10) - (24 + 0).
-24
Calculate (-3 - (-2 - 3)) + -80 + (13 - -8) + 18.
-39
Calculate (-5 - 36) + -7 + (-8 - -12) + 6.
-38
What is the value of (-97 - 15) + (41 - (51 - 32))?
-90
-500 + (997 - 521) + 0 + (-118 - 1)
-143
1720 + -1844 + 4 + 45
-75
Evaluate -84 + 7 + 11 + (11 - (6 + 14)).
-75
(9 - 13) + (-11 - -1) + -5 - -7 - -12
0
What is the value of (12 - 98 - -14) + 36 + 119?
83
What is 13 - ((-78 - 22) + 115)?
-2
What is the value of (-25 - 3) + -86 + 67 + 94?
47
Calculate (3 - (33 + -16) - 55) + 16.
-53
What is (3 - -9) + 2 + (-50 - -8) + -4?
-32
-5 + 2 + (1 + -4 - -28 - 15)
7
What is (5 - -5) + 7 - (-100 - -183)?
-66
What is 12 - ((5 - (-18 - -10)) + -7 + 8)?
-2
Evaluate 0 + -31 + -88 + (59 - -113).
53
Calculate (59 - -1) + (-782 - -771).
49
What is (-1 + 1 - 1) + -311 + -124 + 389?
-47
What is the value of -25 - (18 - 51) - (-2 + (3 - (-1 + -1)))?
5
Evaluate (6 - 8) + -89 + 96 + 107.
112
What is the value of -11 - -2 - (1 + (35 - 80) + 18)?
17
Calculate 37 + (-1 - -3) + 3 + -6.
36
Calculate 13 - (1 + 0 + 10 + -182 + 165).
19
What is 128 + 23 + -71 + -6 + 34?
108
What is the value of -35 + 9 + 0 + (3 - (-1 - 0 - -7))?
-29
Evaluate (0 - -2) + -46 + (-60 - (-26 + -22)).
-56
Evaluate -14 - ((0 + -22 - 50) + -6).
64
(12 - (26 + (-13 - -7))) 